7?
False
Is 2864276925 a multiple of 12471?
True
Does 47 divide 422836628?
True
Is 87911976 a multiple of 12?
True
Does 1204 divide 126144284?
True
Is 1545 a factor of 38424309?
False
Is 10378704 a multiple of 138?
True
Is 241 a factor of 1339729122?
True
Is 65082220 a multiple of 215?
True
Does 247 divide 1751104360?
False
Is 538222 a multiple of 5?
False
Is 119 a factor of 1662906709?
False
Does 7011 divide 39979690?
False
Does 14 divide 1853111400?
True
Is 340 a factor of 6310642?
False
Is 119590236 a multiple of 14?
False
Is 1302 a factor of 129207161?
False
Does 13 divide 261659?
False
Is 9 a factor of 235848267?
True
Does 30 divide 47462978?
False
Is 11008825 a multiple of 1345?
True
Is 82 a factor of 30052016?
True
Is 75530251 a multiple of 1419?
False
Is 34076072 a multiple of 3022?
True
Is 1318 a factor of 23626020?
False
Does 24 divide 42448813?
False
Does 273 divide 124469813?
False
Does 25 divide 260715529?
False
Is 827858664 a multiple of 1897?
False
Is 108973546 a multiple of 5?
False
Does 37 divide 501838919?
False
Is 17 a factor of 144390860?
True
Is 973 a factor of 6174722?
False
Does 4035 divide 201507900?
True
Does 294 divide 137697252?
True
Is 106491 a multiple of 23?
False
Does 33 divide 1570888809?
False
Is 380 a factor of 18139300?
True
Does 23 divide 25608648?
False
Is 4166744964 a multiple of 12?
True
Is 3630 a factor of 157309680?
True
Does 2084 divide 7849617?
False
Does 1878 divide 20053324?
False
Is 9 a factor of 11154322?
False
Is 24 a factor of 121812792?
True
Is 22436908 a multiple of 130?
False
Does 233 divide 6322745?
False
Does 404 divide 2716144?
False
Does 57 divide 200295207?
True
Is 4050167 a multiple of 122?
False
Is 223145296 a multiple of 968?
True
Does 26 divide 3160950?
True
Does 2395 divide 5206730?
True
Does 168 divide 57944519?
False
Does 13 divide 26171275?
True
Is 364 a factor of 927644900?
True
Is 3325326 a multiple of 3?
True
Does 464 divide 21770880?
True
Does 1452 divide 1361211659?
False
Is 6 a factor of 1048930364?
False
Does 317 divide 161368910?
False
Is 9234608 a multiple of 96?
False
Does 12 divide 947129244?
True
Is 113124375 a multiple of 4779?
False
Does 200 divide 265494800?
True
Does 420 divide 3491040?
True
Does 110 divide 52949710?
True
Does 10 divide 64284324?
False
Is 3612391048 a multiple of 749?
True
Does 358 divide 118499078?
False
Is 1094328256 a multiple of 7?
True
Is 12 a factor of 41795760?
True
Does 47 divide 8020269?
False
Is 244188680 a multiple of 20?
True
Is 127532184 a multiple of 101?
False
Is 76580227 a multiple of 342?
False
Does 8 divide 26668421?
False
Does 567 divide 28477945?
False
Does 728 divide 186713072?
True
Is 528179796 a multiple of 9?
True
Does 65 divide 209319921?
False
Is 182 a factor of 333232536?
True
Does 108 divide 57366900?
True
Does 51 divide 453115017?
False
Does 11 divide 17023902?
False
Does 39 divide 101358192?
True
Is 6551726 a multiple of 6?
False
Is 59106565 a multiple of 10?
False
Does 12 divide 147985531?
False
Is 677 a factor of 164487860?
False
Does 308 divide 80379068?
True
Does 4 divide 7494708?
True
Does 560 divide 6126151?
False
Is 981572280 a multiple of 8345?
True
Does 21 divide 5282445?
True
Does 125 divide 168029792?
False
Is 12891476 a multiple of 7?
False
Does 8 divide 40508054?
False
Does 2353 divide 1063683568?
False
Does 11 divide 16792298?
False
Is 4991372614 a multiple of 1666?
False
Does 4712 divide 583241936?
True
Is 108 a factor of 8403577?
False
Does 19 divide 322834874?
False
Does 1322 divide 149705924?
True
Is 232 a factor of 61672096?
True
Is 21132478 a multiple of 1070?
False
Is 1348299044 a multiple of 13?
False
Is 8302398 a multiple of 26?
True
Is 1097923847 a multiple of 228?
False
Is 168254757 a multiple of 4310?
False
Is 872 a factor of 5437334?
False
Is 18708263 a multiple of 1464?
False
Is 2 a factor of 28149861?
False
Is 36 a factor of 99820867?
False
Does 2020 divide 1246210152?
False
Does 817 divide 709735253?
True
Is 1156 a factor of 349656214?
False
Is 90486732 a multiple of 14?
True
Is 92075922 a multiple of 711?
True
Does 73 divide 234231717?
False
Is 2502 a factor of 184082359?
False
Is 2832 a factor of 8971776?
True
Is 208956956 a multiple of 160?
False
Is 1183 a factor of 24154979?
False
Is 61 a factor of 9579074?
True
Is 139 a factor of 179653035?
False
Does 7603 divide 7119502421?
True
Does 27 divide 6869799?
True
Is 291205018 a multiple of 1282?
True
Is 133535562 a multiple of 138?
True
Is 5778 a factor of 185463582?
False
Does 27 divide 184765251?
False
Is 1259589946 a multiple of 165?
False
Does 380 divide 109620965?
False
Is 311017715 a multiple of 955?
True
Does 258 divide 70386012?
True
Is 2025799379 a multiple of 5017?
True
Does 500 divide 396651500?
True
Is 143 a factor of 7891741?
True
Is 73 a factor of 492098161?
False
Is 14 a factor of 1251386080?
True
Does 148 divide 902097000?
True
Does 552 divide 172109650?
False
Is 14 a factor of 6910176?
True
Is 296 a factor of 302654135?
False
Does 55 divide 13083713?
False
Is 30 a factor of 76871137?
False
Is 2834381166 a multiple of 7186?
True
Does 243 divide 1017676953?
True
Is 147 a factor of 1539659478?
True
Does 290 divide 5892220?
True
Is 672704008 a multiple of 2533?
True
Is 552 a factor of 27053150?
False
Does 36 divide 35585482?
False
Is 1451241 a multiple of 137?
True
Is 18210524 a multiple of 1261?
False
Does 13 divide 6307691?
True
Does 2870 divide 2105454960?
True
Does 193 divide 18780709?
False
Does 1755 divide 60679792?
False
Is 14 a factor of 19797819?
False
Does 104 divide 152418621?
False
Is 623008767 a multiple of 7211?
True
Is 129356704 a multiple of 1475?
False
Is 1314 a factor of 132562890?
True
Is 48683448 a multiple of 9?
True
Is 19888713 a multiple of 3?
True
Does 6126 divide 1681564572?
False
Is 136875309 a multiple of 151?
True
Is 582 a factor of 99441709?
False
Is 1130 a factor of 80476308?
False
Does 3725 divide 36587262?
False
Does 1094 divide 2165356388?
True
Does 72 divide 117650232?
True
Does 115 divide 18950505?
True
Does 6 divide 22197976?
False
Does 8 divide 619140800?
True
Is 90064032 a multiple of 752?
True
Does 1882 divide 2533369865?
False
Is 5 a factor of 403424749?
False
Does 5902 divide 229636649?
False
Is 818 a factor of 1783314644?
False
Does 22 divide 2011922175?
False
Does 1483 divide 955750148?
False
Does 378 divide 117626965?
False
Is 62376901 a multiple of 212?
False
Is 315381100 a multiple of 4?
True
Is 187418900 a multiple of 198?
False
Does 22 divide 2236633?
False
Is 345 a factor of 13845195?
True
Does 107 divide 790458101?
False
Does 5453 divide 5062289281?
False
Is 2683721 even?
False
Does 44 divide 136552460?
True
Is 842763171 a multiple of 87?
True
Is 13871025 a multiple of 9?
True
Is 81 a factor of 22564360?
False
Is 98703603 a multiple of 30?
False
Is 100431522 a multiple of 18?
True
Is 30 a factor of 69382177?
False
Is 9 a factor of 85071843?
True
Does 7 divide 17545720?
False
Is 44938027 a multiple of 2167?
False
Is 637 a factor of 8764483?
True
Does 1848 divide 92170848?
True
Is 28 a factor of 156646000?
True
Is 381 a factor of 93210237?
False
Does 11580 divide 3521941200?
True
Does 10670 divide 4292039510?
True
Is 118564369 a multiple of 11?
True
Does 680 divide 702450576?
False
Is 237 a factor of 35970954?
False
Is 1867160 a multiple of 20?
True
Is 9 a factor of 92745728?
False
Is 54 a factor of 52759092?
False
Does 7 divide 2557667816?
False
Does 175 divide 8729000?
True
Does 581 divide 37428375?
False
Does 18 divide 13524372?
True
Is 3848768 a multiple of 71?
True
Is 2390985 a multiple of 89?
True
Is 13233661 a multiple of 355?
False
Is 239375859 a multiple of 118?
False
Is 13346634 a multiple of 21?
True
Is 2517 a factor of 4339308?
True
Is 20 a factor of 14647300?
True
Is 285369165 a multiple of 69?
True
Is 385682161 a multiple of 677?
True
Is 27 a factor of 95463090?
True
Does 897 divide 73629317?
False
Is 589 a factor of 809846728?
True
Is 26 a factor of 938886805?
False
Is 95 a factor of 542937158?
False
Does 658 divide 23820916?
True
Is 167 a factor of 233903874?
True
Is 11 a factor of 188432236?
False
Is 9530 a factor of 169165176?
False
Does 226 divide 2684643152?
True
Is 296770983 a multiple of 47?
False
Is 5591258 even?
True
Is 123 a factor of 3868227?
True
